?
4
What is the millions digit of 15338146?
5
What is the units digit of 861037?
7
What is the hundred thousands digit of 1245446?
2
What is the ten thousands digit of 104551?
0
What is the millions digit of 6646597?
6
What is the hundreds digit of 3887146?
1
What is the ten thousands digit of 1380433?
8
What is the hundreds digit of 1336993?
9
What is the thousands digit of 122118?
2
What is the units digit of 133297?
7
What is the thousands digit of 420525?
0
What is the thousands digit of 1238361?
8
What is the tens digit of 1167699?
9
What is the hundreds digit of 271410?
4
What is the units digit of 1572595?
5
What is the tens digit of 4607940?
4
What is the units digit of 23230079?
9
What is the thousands digit of 218563?
8
What is the hundred thousands digit of 683793?
6
What is the ten millions digit of 15231911?
1
What is the tens digit of 2689585?
8
What is the units digit of 291548?
8
What is the hundreds digit of 828288?
2
What is the ten thousands digit of 9071617?
7
What is the millions digit of 6115427?
6
What is the ten thousands digit of 214156?
1
What is the units digit of 1135045?
5
What is the ten millions digit of 17605271?
1
What is the ten thousands digit of 182161?
8
What is the millions digit of 3057707?
3
What is the thousands digit of 20720098?
0
What is the units digit of 113226?
6
What is the ten thousands digit of 954353?
5
What is the ten millions digit of 33404071?
3
What is the ten thousands digit of 304793?
0
What is the hundred thousands digit of 662518?
6
What is the units digit of 16623597?
7
What is the hundreds digit of 253454?
4
What is the thousands digit of 3648376?
8
What is the hundred thousands digit of 466155?
4
What is the tens digit of 3580273?
7
What is the ten thousands digit of 4341765?
4
What is the units digit of 2357524?
4
What is the thousands digit of 3998718?
8
What is the tens digit of 677767?
6
What is the ten thousands digit of 59126?
5
What is the hundred thousands digit of 809259?
8
What is the millions digit of 4887620?
4
What is the tens digit of 9466334?
3
What is the millions digit of 2039773?
2
What is the tens digit of 9230683?
8
What is the tens digit of 671863?
6
What is the ten thousands digit of 4565746?
6
What is the tens digit of 538646?
4
What is the hundred thousands digit of 24902146?
9
What is the ten thousands digit of 208181?
0
What is the hundreds digit of 4894630?
6
What is the tens digit of 186740?
4
What is the hundred thousands digit of 1606088?
6
What is the hundreds digit of 17127?
1
What is the millions digit of 16097929?
6
What is the ten thousands digit of 1526086?
2
What is the hundreds digit of 44170?
1
What is the millions digit of 2352973?
2
What is the thousands digit of 120406?
0
What is the tens digit of 240805?
0
What is the hundreds digit of 187679?
6
What is the hundreds digit of 436357?
3
What is the thousands digit of 631098?
1
What is the thousands digit of 347070?
7
What is the hundreds digit of 601501?
5
What is the tens digit of 3466115?
1
What is the hundred thousands digit of 19851665?
8
What is the ten thousands digit of 845758?
4
What is the hundred thousands digit of 17915007?
9
What is the units digit of 265389?
9
What is the ten thousands digit of 279805?
7
What is the hundred thousands digit of 265222?
2
What is the ten thousands digit of 48459?
4
What is the thousands digit of 11094856?
4
What is the millions digit of 8806607?
8
What is the ten thousands digit of 2429294?
2
What is the ten thousands digit of 424950?
2
What is the units digit of 41856?
6
What is the units digit of 111471?
1
What is the ten thousands digit of 96059?
9
What is the units digit of 171688?
8
What is the hundreds digit of 955327?
3
What is the thousands digit of 125735?
5
What is the hundred thousands digit of 139888?
1
What is the hundred thousands digit of 2816707?
8
What is the tens digit of 1798683?
8
What is the tens digit of 2348334?
3
What is the units digit of 705845?
5
What is the thousands digit of 567377?
7
What is the units digit of 902478?
8
What is the thousands digit of 723925?
3
What is the thousands digit of 5073119?
3
What is the ten thousands digit of 10747775?
4
What is the tens digit of 441398?
9
What is the units digit of 171427?
7
What is the units digit of 248794?
4
What is the thousands digit of 668539?
8
What is the ten millions digit of 12434760?
1
What is the thousands digit of 291015?
1
What is the ten thousands digit of 1844926?
4
What is the tens digit of 937141?
4
What is the millions digit of 5903996?
5
What is the tens digit of 478846?
4
What is the thousands digit of 410527?
0
What is the tens digit of 327768?
6
What is the ten millions digit of 25294628?
2
What is the hundred thousands digit of 13890346?
8
What is the hundred thousands digit of 9318434?
3
What is the thousands digit of 126505?
6
What is the thousands digit of 200660?
0
What is the ten thousands digit of 3161968?
6
What is the millions digit of 1255229?
1
What is the units digit of 14278679?
9
What is the thousands digit of 397384?
7
What is the thousands digit of 718980?
8
What is the ten thousands digit of 253761?
5
What is the units digit of 431203?
3
What is the hundred thousands digit of 4668223?
6
What is the units digit of 182778?
8
What is the hundred thousands digit of 1754793?
7
What is the tens digit of 548235?
3
What is the hundred thousands digit of 1097370?
0
What is the units digit of 29720999?
9
What is the ten thousands digit of 1687105?
8
What is the hundreds digit of 1342276?
2
What is the ten thousands digit of 290454?
9
What is the hundred thousands digit of 21654128?
6
What is the units digit of 504788?
8
What is the ten thousands digit of 3478062?
7
What is the ten thousands digit of 279568?
7
What is the thousands digit of 497421?
7
What is the tens digit of 1891566?
6
What is the hundreds digit of 446241?
2
What is the thousands digit of 4196724?
6
What is the hundred thousands digit of 175210?
1
What is the thousands digit of 101249?
1
What is the hundreds digit of 944490?
4
What is the millions digit of 2040766?
2
What is the thousands digit of 601833?
1
What is the hundreds digit of 257942?
9
What is the tens digit of 477564?
6
What is the thousands digit of 810442?
0
What is the ten thousands digit of 397140?
9
What is the ten thousands digit of 249339?
4
What is the tens digit of 4732735?
3
What is the units digit of 10134335?
5
What is the tens digit of 67746?
4
What is the hundreds digit of 3745431?
4
What is the tens digit of 449644?
4
What is the units digit of 196222?
2
What is the hundreds digit of 3076891?
8
What is the ten thousands digit of 15209284?
0
What is the hundred thousands digit of 135743?
1
What is the hundred thousands digit of 213874?
2
What is the ten millions digit of 21322884?
2
What is the hundred thousands digit of 309718?
3
What is the hundred thousands digit of 1721005?
7
What is the tens digit of 6377187?
8
What is the thousands digit of 10420175?
0
What is the millions digit of 8384329?
8
What is the tens digit of 4089236?
3
What is the units digit of 3201566?
6
What is the ten thousands digit of 6300549?
0
What is the hundreds digit of 2490270?
2
What is the hundred thousands digit of 1291377?
2
What is the tens digit of 57528?
2
What is the millions digit of 15788307?
5
What is the units digit of 118364?
4
What is the thousands digit of 6837813?
7
What is the hundreds digit of 142454?
4
What is the units digit of 1565668?
8
What is the hundred thousands digit of 9994002?
9
What is the hundreds digit of 16744061?
0
What is the tens digit of 127801?
0
What is the units digit of 1602802?
2
What is the tens digit of 1943209?
0
What is the units digit of 3653883?
3
What is the tens digit of 1293215?
1
What is the ten millions digit of 14951708?
1
What is the units digit of 9635698?
8
What is the thousands digit of 2564012?
4
What is the units digit of 1227031?
1
What is the tens digit of 274241?
4
What is the units digit of 285726?
6
What is the units digit of 19701787?
7
What is the units digit of 3164853?
3
What is the hundreds digit of 2239412?
4
What is the tens digit of 6937664?
6
What is the ten thousands digit of 390189?
9
What is the thousands digit of 468211?
8
What is the thousands 